66?
5462
Calculate the remainder when 179916 is divided by 2277.
33
Calculate the remainder when 4617679 is divided by 584.
575
What is the remainder when 127610 is divided by 9109?
84
Calculate the remainder when 6827178 is divided by 524.
506
Calculate the remainder when 41351439 is divided by 520.
519
Calculate the remainder when 150500 is divided by 303.
212
What is the remainder when 25705665 is divided by 8568553?
6
What is the remainder when 191470982 is divided by 7772?
7762
What is the remainder when 1958136 is divided by 67520?
56
What is the remainder when 325971 is divided by 6515?
221
What is the remainder when 66505 is divided by 2597?
1580
Calculate the remainder when 4652103 is divided by 16380.
183
What is the remainder when 289404 is divided by 18084?
60
What is the remainder when 196891132 is divided by 22?
20
What is the remainder when 28053722 is divided by 99?
92
What is the remainder when 5829797 is divided by 4660?
137
What is the remainder when 2385448 is divided by 240?
88
What is the remainder when 565124 is divided by 62788?
32
Calculate the remainder when 309059 is divided by 22073.
37
What is the remainder when 13886585 is divided by 4628854?
23
What is the remainder when 388458 is divided by 388454?
4
What is the remainder when 337446826 is divided by 70?
66
Calculate the remainder when 1802 is divided by 1691.
111
Calculate the remainder when 127730 is divided by 19.
12
Calculate the remainder when 42111 is divided by 891.
234
What is the remainder when 270572 is divided by 1002?
32
What is the remainder when 92379 is divided by 1743?
0
Calculate the remainder when 1564156 is divided by 521355.
91
Calculate the remainder when 1318740 is divided by 1099.
1039
Calculate the remainder when 171140683 is divided by 81.
76
Calculate the remainder when 7714592 is divided by 406031.
3
What is the remainder when 102102808 is divided by 15?
13
What is the remainder when 1173355 is divided by 4827?
394
Calculate the remainder when 42702 is divided by 12987.
3741
Calculate the remainder when 9399 is divided by 3313.
2773
What is the remainder when 28936034 is divided by 42?
8
Calculate the remainder when 19332450 is divided by 2249.
46
Calculate the remainder when 3902208 is divided by 108393.
60
What is the remainder when 67536 is divided by 13365?
711
What is the remainder when 1742959 is divided by 20?
19
Calculate the remainder when 3181383 is divided by 1060453.
24
What is the remainder when 232449 is divided by 1564?
977
Calculate the remainder when 187023 is divided by 230.
33
Calculate the remainder when 1440623 is divided by 69.
41
What is the remainder when 1502064 is divided by 377?
96
Calculate the remainder when 1288259 is divided by 51529.
34
What is the remainder when 57223 is divided by 9491?
277
What is the remainder when 88253 is divided by 6072?
3245
Calculate the remainder when 430150611 is divided by 14.
9
Calculate the remainder when 84707 is divided by 243.
143
What is the remainder when 3520368 is divided by 3520287?
81
Calculate the remainder when 2099947 is divided by 778.
125
Calculate the remainder when 189297 is divided by 37622.
1187
Calculate the remainder when 442234661 is divided by 221117324.
13
What is the remainder when 463235 is divided by 115781?
111
Calculate the remainder when 131395570 is divided by 252.
250
Calculate the remainder when 289909 is divided by 572.
477
What is the remainder when 1769722 is divided by 465?
397
Calculate the remainder when 1365314 is divided by 18450.
14
What is the remainder when 77506 is divided by 1463?
1430
What is the remainder when 741151 is divided by 19?
18
Calculate the remainder when 511812 is divided by 34118.
42
Calculate the remainder when 593580896 is divided by 273.
272
What is the remainder when 60288 is divided by 3158?
286
Calculate the remainder when 55095 is divided by 8882.
1803
What is the remainder when 304175 is divided by 8684?
235
Calculate the remainder when 5626392 is divided by 1125228.
252
What is the remainder when 16514028 is divided by 289?
279
Calculate the remainder when 2027917 is divided by 405579.
22
Calculate the remainder when 635032 is divided by 211663.
43
What is the remainder when 1534981347 is divided by 3?
0
Calculate the remainder when 20669 is divided by 9244.
2181
What is the remainder when 15925633 is divided by 45?
43
What is the remainder when 2366282 is divided by 568?
562
Calculate the remainder when 91194 is divided by 1799.
1244
Calculate the remainder when 828120 is divided by 460.
120
What is the remainder when 130407 is divided by 3844?
3555
What is the remainder when 160691873 is divided by 246?
245
Calculate the remainder when 110900 is divided by 286.
218
Calculate the remainder when 831872481 is divided by 2069.
2065
Calculate the remainder when 3401283 is divided by 2260.
2243
Calculate the remainder when 2531827 is divided by 8.
3
What is the remainder when 21388555 is divided by 12?
7
Calculate the remainder when 80960 is divided by 13472.
128
Calculate the remainder when 304901 is divided by 2618.
1213
Calculate the remainder when 1942309 is divided by 322.
5
Calculate the remainder when 24203574 is divided by 2084.
2082
What is the remainder when 3000254 is divided by 1086?
722
What is the remainder when 22629841 is divided by 7543234?
139
Calculate the remainder when 3517874 is divided by 52.
22
Calculate the remainder when 4351089 is divided by 292.
289
Calculate the remainder when 2319074 is divided by 165646.
30
What is the remainder when 42610871 is divided by 926323?
13
Calculate the remainder when 67914 is divided by 522.
54
Calculate the remainder when 1750291 is divided by 260.
231
What is the remainder when 12824133 is divided by 1808?
1797
Calculate the remainder when 35851403 is divided by 5670.
5663
Calculate the remainder when 1356075 is divided by 678025.
25
What is the remainder when 126173454 is divided by 71?
64
What is the remainder when 7934529 is divided by 220?
9
Calculate the remainder when 13390443 is divided by 210.
3
Calculate the remainder when 179792 is divided by 631.
588
What is the remainder when 410874 is divided by 8877?
2532
What is the remainder when 38935 is divided by 11990?
2965
What is the remainder when 7686093 is divided by 130?
103
What is the remainder when 28230358 is divided by 860?
858
Calculate the remainder when 160805936 is divided by 9060.
9056
Calculate the remainder when 97132915 is divided by 248.
243
What is the remainder when 90675037 is divided by 3358334?
19
Calculate the remainder when 91811703 is divided by 15301950.
3
What is the remainder when 1509676 is divided by 167741?
7
Calculate the remainder when 137186319 is divided by 2505.
2499
What is the remainder when 316972282 is divided by 313?
312
What is the remainder when 200689102 is divided by 3696?
3694
Calculate the remainder when 195627 is divided by 97.
75
Calculate the remainder when 213687824 is divided by 42737562.
14
What is the remainder when 8195590 is divided by 396?
370
Calculate the remainder when 330847 is divided by 15665.
1882
What is the remainder when 2202966 is divided by 5233?
5106
What is the remainder when 96424 is divided by 96407?
17
What is the remainder when 355906 is divided by 88895?
326
Calculate the remainder when 6789599 is divided by 450.
449
What is the remainder when 463642 is divided by 843?
835
What is the remainder when 148732 is divided by 128?
124
What is the remainder when 3442671 is divided by 132409?
37
Calculate the remainder when 192600 is divided by 31.
28
What is the remainder when 156089 is divided by 9353?
6441
What is the remainder when 1696724 is divided by 848348?
28
Calculate the remainder when 30777449 is divided by 2530.
2529
Calculate the remainder when 58293481 is divided by 67.
64
What is the remainder when 26440244 is divided by 123552?
116
What is the remainder when 193976 is divided by 31782?
3284
Calculate the remainder when 6447270 is divided by 34.
20
What is the remainder when 295849 is divided by 711?
73
Calculate the remainder when 20046 is divided by 8634.
2778
What is the remainder when 8649757 is divided by 159?
157
Calculate the remainder when 12158 is divided by 7103.
5055
Calculate the remainder when